n factor of 5085177 and 981?
327
What is the highest common divisor of 218 and 29539?
109
What is the greatest common factor of 286 and 451946?
22
Calculate the greatest common divisor of 148 and 4107.
37
What is the greatest common factor of 4453 and 183?
61
Calculate the highest common factor of 387574 and 1343.
79
What is the greatest common divisor of 20728 and 104?
8
Calculate the highest common divisor of 18291 and 30016.
469
What is the highest common factor of 912 and 2064?
48
What is the highest common factor of 29880 and 225?
45
What is the highest common divisor of 23845 and 475?
95
Calculate the highest common factor of 617526 and 1421.
203
Calculate the greatest common factor of 1755 and 18525.
195
Calculate the highest common factor of 863373 and 14.
7
Calculate the highest common divisor of 258 and 524772.
258
Calculate the greatest common divisor of 244 and 5.
1
Calculate the greatest common factor of 27315 and 1980.
45
Calculate the greatest common divisor of 785808 and 214.
214
Calculate the greatest common divisor of 14006 and 658.
94
What is the greatest common divisor of 12352 and 1930?
386
What is the highest common divisor of 68229 and 21?
21
What is the highest common factor of 182 and 2106?
26
What is the greatest common divisor of 23 and 116495?
23
What is the greatest common divisor of 1770 and 68175?
15
Calculate the greatest common divisor of 3337329 and 282.
141
What is the highest common divisor of 5 and 132120?
5
Calculate the greatest common factor of 255648 and 96.
96
What is the highest common factor of 22673 and 105623?
553
What is the greatest common divisor of 8077533 and 8364?
2091
What is the highest common factor of 12513 and 11223?
129
Calculate the greatest common factor of 166368 and 2400.
96
Calculate the highest common factor of 4536 and 4932.
36
Calculate the highest common factor of 42527 and 7153.
23
Calculate the highest common factor of 618530 and 165.
55
Calculate the greatest common divisor of 2219 and 19337.
317
Calculate the greatest common divisor of 347 and 21167.
347
Calculate the highest common factor of 369 and 372321.
369
What is the greatest common divisor of 9640 and 40?
40
Calculate the highest common factor of 153 and 8759403.
153
Calculate the highest common factor of 3783 and 273.
39
What is the greatest common divisor of 5112 and 3600?
72
What is the greatest common divisor of 81193 and 441?
49
What is the highest common factor of 707 and 10807?
101
Calculate the highest common factor of 7 and 473739.
7
What is the greatest common divisor of 408862 and 8?
2
Calculate the greatest common factor of 705 and 40655.
235
What is the highest common divisor of 20440 and 11424?
56
What is the greatest common divisor of 423796 and 808?
404
Calculate the greatest common factor of 12894425 and 25.
25
Calculate the highest common divisor of 53 and 724298.
53
Calculate the highest common divisor of 644221 and 537.
179
What is the greatest common factor of 957495 and 924?
231
Calculate the highest common divisor of 97760 and 25615.
235
What is the greatest common divisor of 78 and 79014?
78
What is the highest common divisor of 72 and 2589?
3
What is the greatest common divisor of 2086925 and 50?
25
Calculate the greatest common factor of 810976 and 32.
32
Calculate the highest common divisor of 1924016 and 128.
16
What is the greatest common divisor of 169303 and 14289?
433
What is the greatest common divisor of 544432 and 224?
112
What is the greatest common factor of 165 and 72630?
15
What is the highest common divisor of 600 and 155100?
300
Calculate the greatest common divisor of 1012638 and 154.
22
What is the highest common divisor of 110861 and 413?
59
Calculate the greatest common factor of 166058 and 1343.
79
Calculate the highest common factor of 105 and 1540065.
15
Calculate the greatest common divisor of 56 and 752038.
14
What is the highest common divisor of 212 and 31747?
53
Calculate the greatest common factor of 526108 and 7260.
484
What is the greatest common factor of 40020 and 36?
12
Calculate the greatest common factor of 91 and 47698.
7
What is the highest common divisor of 100 and 61550?
50
What is the highest common factor of 138465 and 165?
15
Calculate the highest common factor of 71196 and 612.
204
Calculate the highest common factor of 333718 and 71148.
1694
What is the greatest common factor of 2171 and 13?
13
What is the greatest common factor of 6 and 8408?
2
Calculate the highest common factor of 12 and 243876.
12
Calculate the greatest common factor of 4875 and 17125.
125
Calculate the greatest common divisor of 193 and 1786601.
193
Calculate the highest common divisor of 894 and 495872.
298
Calculate the greatest common divisor of 7 and 69118.
7
Calculate the highest common factor of 3 and 7517.
1
What is the highest common factor of 6410 and 270?
10
Calculate the highest common divisor of 117 and 22617.
9
Calculate the highest common factor of 2478833 and 58.
29
What is the greatest common divisor of 1366589 and 1379?
1379
Calculate the highest common factor of 880 and 12240.
80
What is the greatest common factor of 418380 and 15?
15
What is the greatest common divisor of 823983 and 3?
3
Calculate the highest common divisor of 3024 and 16686.
54
Calculate the highest common divisor of 389130 and 210.
210
What is the greatest common divisor of 3 and 1612743?
3
What is the highest common divisor of 5854794 and 946?
946
What is the highest common divisor of 87344 and 5312?
16
What is the highest common divisor of 171171 and 3978?
117
Calculate the highest common factor of 8 and 1404.
4
Calculate the greatest common factor of 369105 and 495.
165
What is the highest common divisor of 179942 and 28?
14
Calculate the highest common factor of 383 and 86941.
383
Calculate the greatest common factor of 29 and 6931.
29
What is the highest common factor of 157410 and 1188?
594
What is the greatest common factor of 2748071 and 3681?
409
What is the highest common divisor of 10387 and 26?
13
What is the highest common factor of 90 and 509890?
10
What is the highest common divisor of 2616624 and 486?
486
What is the greatest common factor of 290 and 492710?
290
What is the greatest common divisor of 6894 and 414?
18
Calculate the greatest common factor of 225 and 155675.
25
Calculate the greatest common divisor of 9100 and 42700.
700
Calculate the greatest common divisor of 1833 and 122106.
141
Calculate the highest common divisor of 648 and 248184.
648
What is the highest common factor of 169 and 23361?
13
Calculate the greatest common factor of 3864250 and 30.
10
What is the greatest common factor of 36 and 10806?
6
Calculate the greatest common factor of 318 and 262509.
159
What is the greatest common divisor of 50116 and 2144?
268
What is the highest common divisor of 7347088 and 112?
112
What is the greatest common factor of 3293 and 2?
1
Calculate the greatest common factor of 1138 and 1894201.
569
What is the greatest common factor of 899225 and 25?
25
Calculate the greatest common factor of 123811 and 34.
17
What is the greatest common divisor of 57320 and 32?
8
What is the greatest common divisor of 798 and 5396874?
798
What is the highest common divisor of 1955 and 9085?
115
Calculate the greatest common divisor of 357 and 50736.
21
What is the highest common divisor of 2784 and 3468?
12
Calculate the greatest common divisor of 1106402 and 154.
22
Calculate the highest common factor of 72 and 188424.
72
Calculate the highest common factor of 503658 and 54.
54
What is the highest common factor of 322788 and 888?
444
Calculate the greatest common divisor of 864309 and 549.
183
Calculate the greatest common factor of 6976 and 12862.
218
Calculate the greatest common factor of 34331 and 869.
11
What is the highest common divisor of 112 and 1725080?
56
Calculate the highest common divisor of 194 and 1422602.
194
What is the greatest common divisor of 12012 and 39?
39
What is the greatest common divisor of 2233 and 1925?
77
What is the highest common divisor of 28044 and 15390?
342
What is the greatest common factor of 2211 and 3311?
11
What is the greatest common divisor of 4134 and 478272?
318
Calculate the greatest common factor of 451 and 2611864.
41
What is 